 140
-20
Evaluate (1 - 3) + 2 + -8 + -680 + 677.
-11
What is -33 + 55 + -13 - (-12 - 23)?
44
(17 - (18 + -38)) + 12 + -3
46
Calculate 4 + -2 + (-26 - (35 - 25) - -23) + -115.
-126
What is the value of (35 - 22) + -1 + -18 + -8 + 3 + -15?
-26
What is the value of 6 + -12 + -10 - -96 - (20 - 30)?
90
What is the value of 18 + -25 - 33 - -82?
42
What is the value of 102 + (20 + 14 - (47 + -23)) + -1 + -23?
88
What is the value of 18 - (-41 + (-47 - -84 - 122))?
144
Evaluate 22 + 28 + 18 + -41 + 6.
33
What is the value of 2 - (7 + -25 + -20 + -25 + 19)?
46
-23 + -32 + -23 - -59
-19
What is (2 + -7 - -10) + -58 + -1 + 0 + 4?
-50
Evaluate -6 + 62 + -7 - (0 + (0 - (-7 - 1))).
41
Calculate -34 - (54 + -22) - 28.
-94
-99 + 5 + -15 + (25 - -5) + -10
-89
Calculate (-36 - (-10 + -12 + 19)) + -2.
-35
What is 35 + -240 + 105 + 170?
70
What is -16 + (3 - 4) - (-13 - -14)?
-18
Calculate 61 + 1 + (13 - (0 + 11)) + (1 - 10).
55
Evaluate (44 - (129 - 64)) + (-8 - 74 - -8).
-95
Evaluate ((-6 - (12 - 13)) + -6 - -15) + -40.
-36
What is the value of 0 - -9 - (-1386 + 1412)?
-17
What is the value of (-1 - (-35 - -50)) + 31 + 1 + 6?
22
-4 - -34 - (-5 - (-25 + 10 + -13 + 14))
21
Evaluate 101 + 0 - (-300 - -342).
59
0 + 92 + (-7 - ((-1 - 14) + 19)) - -2
83
Calculate (3 - 7) + 0 + -6 - (-41 - 12 - -8).
35
Evaluate (-15 - -9) + (-1 - -4) - (-884 + 892).
-11
Evaluate -65 - (38 - 109) - (44 - -1).
-39
What is the value of (0 - (-19 - -14)) + 2 + 13 + -5 + 7?
22
164 + -137 + (23 - -29)
79
What is 46 - (2 - 2) - (-6 - (-2 + -5))?
45
Calculate (-5 + 6 - (-6 + 1 + 0 + 4)) + 29.
31
Evaluate (-59 - -102 - 45) + -21 + -1.
-24
What is 57 - 44 - (-15 - -10) - 50?
-32
What is -32 + (11 + 35 - 66)?
-52
What is (72 - 61 - (7 - 16)) + 2 + (3 - 2)?
23
(48 + 1 - -3) + 608 + -596
64
What is the value of -6 - (42 - (45 + 41))?
38
41 + -30 + 17 + -82
-54
Evaluate -3 + -13 + (14 - (6 - 24)) + -9.
7
What is 83 - (-66 + 78 - (-5 - -8))?
74
Calculate 38 - ((-7 - (20 - (-12 - (-20 + 3)))) + 10).
50
Evaluate -48 - (111 - 271 - -83).
29
Calculate 112 - (-10 - (-3 - ((1 - 9) + -2 + 21))).
108
Calculate 3 + -20 + 9 - (-61 + 15).
38
Evaluate 1 + (-3 - -1) - (-224 + 228) - (53 - 155).
97
Calculate 153 + -150 + 12 + -24.
-9
What is 41 + 1 - 3 - (-1048 + 1063) - (2 + -2)?
24
(-8 - (-19 + 12)) + 1 + (-2 - (-1 - 12))
11
What is (2 - ((7 - (20 - 9)) + 34)) + (104 - 99)?
-23
Calculate 21 + -22 + -8 + 18 + 0 + 31.
40
-10 + (9 - -7) + (-8 + 9 - 5)
2
What is 44 - (-27 + 15 + -2 + 11)?
47
Calculate (28 - 12) + -33 + 46 + -2.
27
What is -48 + (-34 - -30) + 48 + -15?
-19
What is the value of -35 + (-4 - 50) + -17?
-106
Calculate 3 + 1 + 15 + -304 + 292 - 58.
-51
Evaluate 52 + (31 - (63 - 27 - 21)).
68
Calculate -9 + 15 + -7 + -15 + -26 + -2 + 4.
-40
Evaluate (2 - -2) + -1 + (-20 - -2) + (-4464 - -4352).
-127
What is -23 - -11 - (7 + -30)?
11
Calculate (-105 - (4 - 6) - -3) + 5 - (-1400 - -1412).
-107
Calculate 3 + 11 - ((104 - 23) + -2 + -14).
-51
-1 - -14 - (-8 + (-26 - (23 - 78 - -4)))
-4
What is the value of -2 - (82 + -115) - 9?
22
What is the value of (-286 - -283) + -7 + -1 + (0 - (-72 - 2))?
63
Calculate 6 + -18 + 8 + -7 + -2 + -6.
-19
What is the value of 130 + -12 + -14 + -8 + (10 - (-3 - -1))?
108
What is 166 + -114 + -40 + -1?
11
Calculate (34 - (-34 + 13)) + -12.
43
-2 + (-133 - -137 - (1 - 1)) + -23
-21
Calculate -3 - (28 + -21 + -35 + (12 - -2)).
11
What is 56 - (22 + -42 + 80)?
-4
-35 + -9 + (0 - 10) - (13 + -5)
-62
What is (-59 - -57) + -47 - ((-4 - -1) + 1)?
-47
Evaluate (24 - 13) + -109 - 1 - -25.
-74
What is the value of 65 - (-40 + 59 + 7)?
39
1 + 54 + (-86 - (5 - 116))
80
Evaluate 5 + -11 + (46 - ((12 - 10) + -13 + 2)).
49
(7 - -2 - -3 - 9) + -17 - 0
-14
What is the value of -6 - 0 - (-33 + 36 + 1 + -1)?
-9
Evaluate -8 + -1 + 2 + (-498 - -505) - -45.
45
24 + (-56 - (24 + -37)) - -17
-2
What is the value of -20 + -3 + 0 - (-71 - (-87 - -10))?
-29
What is the value of 35 - 12 - (-42 + 51 + -2)?
16
What is the value of -23 - -25 - (-1 - -16) - (-100 + (24 - 26))?
89
-2 + -5 + 6 - (1 - 14 - (190 - 94))
108
What is -8 - (3 + 3 + (73 - (36 + -17))) - -8?
-60
(2986 - 3003) + (12 - -1)
-4
18 + (1 - (-1 + 33 + 3))
-16
What is (4 - -76) + 675 + -711?
44
What is (-9 - -8) + -18 - (-12 - -2) - -2 - 26?
-33
Evaluate -7060 + 7054 - (1 + 38 + (0 - 1)) - -5.
-39
Evaluate -46 + (32 + -31 - -35) - -1.
-9
What is -13 + -47 + -53 + 57?
-56
What is (61 - -26 - 49) + -33?
5
What is 13 - 83 - -188 - 38?
80
Calculate (46 - 18) + -10 - (1 - -133).
-116
Calculate 47 - 2 - ((-4 - (-15 + 12)) + -6) - 2.
50
What is the value of -4 + (24 + -1 - (-738 - -756))?
1
What is 6101 + -6106 - (2 - (2 + -1 + 64))?
58
(6 - -23) + -40 + (-1 - -163)
151
Calculate 0 + -2 + -4 - (10777 + -10761).
-22
Calculate -814 + 801 - (-3 + (13 - (-5 + 2 - -6))).
-20
What is (-5 + 0 - -98) + -4 - ((62 - -22) + -75)?
80
Calculate (0 - 107) + (10 - (-17 + 3) - 29).
-112
3 - (-8 - 0) - (-5 - (-7 + 16 + -106))
-81
What is (-1691 - -1692) + (93 - 2) + 1 + 2?
95
Calculate (5 - 0) + -4 + 0 + 1 - (-63 - -5).
60
What is (-39 + 114 + -79 - (1 - 14)) + -5?
4
What is the value of -56 + (-120 - -181) + -37?
-32
Evaluate 0 - (8 + -16) - ((11 - 24) + -32).
53
Calculate 6 - (17 + 0 + -8) - 1.
-4
What is -52 - (-60 - (7 - 4))?
11
What is the value of (-122 + 111 - -4) + (-2 + 2 - -47)?
40
What is 2 + 2 - (-9 + 17 + (6 - 13))?
3
What is the value of -2 - 42 - (42 + -17 - 22) - -10?
-37
-11876 - -11819 - (1 + -47)
-11
Evaluate 13 + (0 - -5) + (-22 + 9 - -4).
9
What is the value of (-20 + -1 + 24 - (2 - 8)) + (-15 - -3)?
-3
Evaluate -43 - (-16 + 7 + -6 + 8) - 16.
-52
-44 + 37 - 16 - -6 - (2 + -27)
8
(-9 - -35) + -58 - -5 - (2 + -22)
-7
Evaluate 0 + 2 + -45 - (6 - (-5 + 33)).
-21
3 - -44 - (-15 - (12 + -45) - 5)
34
Calculate (-28 - 27 - -22) + -3.
-36
Evaluate 1 - (3 - (5 - (-8 + -6 + -4 + -22))).
43
Evaluate -49 + 48 + 5 + 93.
97
14 - (66 - 16 - 17)
-19
Calculate -4998 - -4920 - (-53 + -1).
-24
-110 + (75 - 17) - (1 - 27)
-26
Evaluate 88 + 111 + -294 + (0 - -25).
-70
Evaluate -8 + -64 - (-60 + 26).
-38
Calculate 26 - (-2 - -1) - (5 + -18 - -17).
23
Calculate 3243 + -3227 - (2 + 39).
-25
Evaluate (-501 - -170 - -369) + (2 - 0).
40
-13 + 4 + (-1 - (-1 - -2)) + -27828 + 27818
-21
What is -167 + (31 - 19) + 42?
-113
What is the value of -79 + (3 - -10) + 48?
-18
-9 - ((40 - 0) + (38 - (-24 + 71)))
-40
What is -1 + 39 - (-184 - -114 - -48)?
60
Calculate -2004 + 2013 - (2 + 63 + 3 + -3).
-56
What is the value of -7 + (37 - (-53 - -25 - -69))?
-11
34 - (4 + 10) - (-2 - -51)
-29
What is 25 + (-57 - 19 - -31) + 83 + 0?
63
Calculate -33 - (62 + -63 + 5 + -7).
-30
Calculate 3 + -3 - -59 - (11466 + -11449).
42
What is the value of 14 + (3 - 4 - 23) - -4?
-6
Calculate -45 + (-2 - -44) - -23.
20
Calculate -2521 + 2520 - (-38 + 0 + 3).
34
What is 20 - (9 + 1 + -3) - ((-86 - -15) + -18)?
102
What is the value of 21 + -14 + 17 + -4 + (-11 - -8) + -5?
12
9026 + -8955 - (-2 + 71)
2
Calculate (-135 - (-11 + -58)) + 19.
-47
What is the value of (1415 - 1492) + (4 - 45)?
-118
What is -397 + 355 - (16 - -26)?
-84
Calculate -5 - 1 - (1621 + -1643).
16
What is the value of 4 - (-8 + (-14 - -7) + 5)?
14
(1 - 38) + (-2 - -4 - (0 - -10))
-45
-45 - (179 - 116) - -167
59
What is (-73 - -3 - 2) + (-33 + 20 - 6) + 21?
-70
Calculate (8 - (19 + -8)) + 9 - (-19 - (-28 - -10)).
7
(8 + -3 - 1) + (-12 - (-22 + -4)) - -8
26
Calculate -26 + 30 - 12 - (-21 + 9 - 58).
62
(9 - 0) + (2982 + -2988 - (1 + -72))
74
Evaluate 0 - -45 - (-27 + -16 + 95 + -40).
33
What is the value of (-4 + 6 + 5 - (125 + -15)) + 18?
-85
Evaluate -38 - (-17 + 7 + -52).
24
Calculate 4 + 0 - 3 - (16 + (30 - 12)).
-33
Evaluate -61 + 20 + 68 - -46.
73
3 + -9 + 16 + 37 + -9 - 7
31
Calculate 33 + 37 + -40 + -40.
-10
What is (3 - 32) + (-1149 - -1169) - (1 - -20)?
-30
What is the value of 10 + -3 + (17 - 21) + (-70 - -105)?
38
What is the value of (53 + -58 - 15) + 37 + 3?
20
What is 98 + (148 - 129) + -26?
91
Evaluate 13 - (0 + 0) - (46 + -90 - -95).
-38
What is the value of (53 - -35 - 107) + -2 + 63?
42
Calculate 24 - ((-43 - 6) + (27 - -4)).
42
What is -54 + (41 + -39 - 0)?
-52
What is the value of (14 - 7 - 137) + (13 + -22 - -31)?
-108
What is 42 + (-18 - (-33 + 48))?
9
What is the value of -20 - (13 + 8) - -117?
76
What is the va